the prime factors of p(-5)?
7
List the prime factors of 93/4 - 1/4.
23
Let t(g) = -g**2 + g - 5. Let j be t(5). Let h = -12 - j. List the prime factors of h.
13
Suppose 3*l + 4*l - 910 = 0. List the prime factors of l.
2, 5, 13
Suppose -q + 25 = 4*q. Let j be (3 - -2)*9/q. Suppose j = -2*g + 29. What are the prime factors of g?
2, 5
Suppose -4 = -4*o, 19 - 60 = -2*i + 3*o. List the prime factors of i.
2, 11
Suppose -5*u = 21 + 29. Let a = u - -17. What are the prime factors of a?
7
Suppose -2*l - 7*n + 88 = -3*n, -3*l + 5*n + 88 = 0. List the prime factors of l.
2, 3
Let c(t) = 3*t**3 - 4*t**2 + 2*t + 1. Let w be c(2). Let z = w - 4. List the prime factors of z.
3
Suppose -4*h + 0 = -8. Let r be ((-4)/h)/((-2)/(-13)). Let n = 26 + r. What are the prime factors of n?
13
Let p = -32 - -55. Let m = -11 + p. What are the prime factors of m?
2, 3
Let m be -6 + 7 + (118 - 1). Suppose 4*z - m = -0*z - 3*a, -5*z = -2*a - 159. List the prime factors of z.
31
Suppose -21*x = -8*x - 2418. List the prime factors of x.
2, 3, 31
Let c be -2*(-6)/(-3) + -1. What are the prime factors of (2/6)/(c/(-255))?
17
Let b = 53 + -35. Suppose -4*k + k + b = 0. List the prime factors of k.
2, 3
List the prime factors of 2/7 - 1233/(-21).
59
Suppose 2*c - 6*c - 20 = 0. What are the prime factors of (-107)/c - 6/15?
3, 7
Let c(a) = a + 11. Let l(r) = -r**3 + r. Let t be l(-1). What are the prime factors of c(t)?
11
Let h(z) = -z**3 + 14*z**2 - 14*z + 16. Let i be h(13). Suppose -3*r = -4*m + 53, -i*m - 5*r = -5*m + 9. Suppose 5 = -3*y + m. List the prime factors of y.
2
Let g = 8 - 8. Suppose g = -2*m - 15 + 125. List the prime factors of m.
5, 11
Let x(a) = -a + 3. Let f be x(0). Suppose -54 = -f*n - 0*n. Suppose c - n = -2*c. What are the prime factors of c?
2, 3
Suppose 0 = -5*b + 8*b - 459. What are the prime factors of b?
3, 17
Let b(w) = -w + 8. Let j(g) = -g**3 + g**2 - g + 1. Let l be j(1). What are the prime factors of b(l)?
2
Suppose -u - 18 = -0*u. Let d = -7 - u. What are the prime factors of d?
11
Let i = 8 + -2. Let s(p) = -p**3 + 8*p**2 + 2*p + 1. Let m be s(i). Suppose 5*b - 33 - 47 = 4*h, -4*b - h + m = 0. List the prime factors of b.
2, 5
Suppose 0 = -0*x + 5*x + 15. Let n = -9 - x. List the prime factors of (-9)/n*(-52)/(-6).
13
Let s = -108 + 199. List the prime factors of s.
7, 13
Let x be (-4)/(-14) + 1141/(-49). Let y = 40 + x. Let r = y + -5. What are the prime factors of r?
2, 3
Let c = -13 - -30. Let p = 34 - c. What are the prime factors of p?
17
Suppose -7*w + 3*w + 2 = 5*p, -w + 4*p + 11 = 0. List the prime factors of w/4 - 186/(-8).
2, 3
Suppose -2*j - 4*o = -174, -3*o = 2*j - 4*o - 149. Let n = 109 - j. What are the prime factors of n?
2
Let j be -4*21/8*-2. Let o = j - 9. List the prime factors of o.
2, 3
Let s(b) = -b - 1. Let c(i) = -i. Let l(r) = -c(r) + 2*s(r). Let u be l(-5). Suppose h = -x + 9, h + 4 = u*x - 7. List the prime factors of x.
5
Let l be ((-12)/(-9))/(4/18). Suppose 0 = -2*d - l*d + 360. What are the prime factors of d?
3, 5
Let f = 3 + 176. What are the prime factors of f?
179
Suppose -4*h - 3*g + 206 = 0, 3*g = -2*h + 7*g + 92. List the prime factors of h.
2, 5
Suppose 2*r + 50 = -z, 0*z - z - 38 = -2*r. Let w = z + 63. List the prime factors of w.
19
Suppose 20 = 5*z - z, 5*z + 285 = 5*m. List the prime factors of m.
2, 31
Let q(y) = 3*y - 21. List the prime factors of q(25).
2, 3
Let c = -1 - -3. Suppose -2*p - c*a + 23 = -3, 2*p + a - 24 = 0. What are the prime factors of p?
11
Let b(m) = 6*m**2 + m - 14. List the prime factors of b(5).
3, 47
Let a be (6/4)/((-2)/(-20)). Suppose -4*t + d = -a, 2*t - 4*d - 12 = -2*d. Suppose t*x + x + 55 = 5*s, 2*x + 10 = 0. What are the prime factors of s?
7
Let f = -1 - -5. Let j(p) = -2*p**2 - f - 3*p + p + 4*p + 3*p**2. What are the prime factors of j(3)?
11
Suppose v = u, 2*v = -5*u + 18 + 3. Suppose -4*z + 75 = 2*w - 5*w, -u*z + 40 = w. List the prime factors of z.
3, 5
Let i(u) = -u - 5. Let h = -3 + -2. Let l be i(h). Let c = l + 5. List the prime factors of c.
5
Let k(b) = -b**3 - 9*b**2 + 7*b + 3. What are the prime factors of k(-10)?
3, 11
Suppose u = 2*q - 2*u - 4, 3*q = -2*u - 20. Let b = 5 + q. Suppose i = b + 10. List the prime factors of i.
11
Suppose 31 = -4*a + 963. What are the prime factors of a?
233
Let h(w) = 2*w**2 + 8*w + 10. List the prime factors of h(-7).
2, 13
Suppose q - 4*q + 3 = 0, -5*o + 52 = 2*q. Suppose 0 = -4*v - v + o. What are the prime factors of v*3/(-12)*-10?
5
Suppose -12 = 7*m - 3*m + 4*f, -f - 9 = -2*m. Let p be (-1)/(-1 - -2)*-54. Suppose a = -m*h - 0*a + 41, a = 3*h - p. What are the prime factors of h?
19
Let w = 5 + -2. Suppose -4*a - 5 = w, -4*a = -5*c + 48. List the prime factors of c.
2
Let a(b) = 4*b**2 + b + 3. List the prime factors of a(-4).
3, 7
Let b = 13 + -8. Suppose b*p + 2 = 102. List the prime factors of p.
2, 5
Let p be (-2)/(-7) + 712/7. Suppose q - p = 5*r, -5*q = -2*q + r - 338. What are the prime factors of q/11 - 2/11?
2, 5
Suppose 3*x = -195 + 501. What are the prime factors of (x/(-15))/((-2)/5)?
17
Let k(d) = 10*d**3 - d**2 + 2*d. List the prime factors of k(2).
2, 5
Let w = 68 - 34. Suppose 0 = 2*y - w - 2. What are the prime factors of y?
2, 3
Let s(q) = -q**2 - 12*q - 6. List the prime factors of s(-9).
3, 7
Suppose -2*w = -0*w - 94. What are the prime factors of w?
47
Suppose 0 = 2*q + 3*q + 55. Let l be (q/4)/(5/(-20)). What are the prime factors of 62/22 + 2/l?
3
Suppose -4*j + 344 = 4*w, -j - j + 171 = 3*w. What are the prime factors of j?
3, 29
Suppose 3*x + 18 - 6 = 0. Let h be (1 - 2) + (x - -2). List the prime factors of (h + -2 + 0)/(-1).
5
Suppose 15*f - 16*f = -182. List the prime factors of f.
2, 7, 13
Let x = 263 - 157. What are the prime factors of x?
2, 53
What are the prime factors of (-25 - -1)/((-4)/6)?
2, 3
Suppose -4*x = -54 - 90. List the prime factors of x.
2, 3
Suppose 0 = -3*d - 2*n + 418, -304 = -5*d - 5*n + 386. List the prime factors of d.
2, 71
Suppose 2*l = 5*l - 30. Let i(c) = c**3 - 9*c**2 - 9*c + 12. What are the prime factors of i(l)?
2, 11
Let c(p) = -p**3 - 8*p**2 - 3. Let o be c(-8). Let a = 8 + o. List the prime factors of a.
5
Let l = 4 - -6. Suppose -l*k = -9*k - 25. What are the prime factors of k?
5
Let v be -59 - (1 + -8 + 3). What are the prime factors of ((-28)/(-5))/((-22)/v)?
2, 7
Let h(n) = n - 10. Let u be h(14). Let s(i) be the second derivative of i**3/3 + i**2/2 - i. What are the prime factors of s(u)?
3
Let c = 45 + -32. List the prime factors of c.
13
Suppose 1515 = 5*f + 2*s - 7*s, -2*f = 5*s - 634. What are the prime factors of f?
307
Suppose 5*z - z = 52. Let o = 0 + z. What are the prime factors of o?
13
Let n = 11 + 11. Let i = -11 + n. List the prime factors of i.
11
Let r(m) be the third derivative of -m**4/8 + 5*m**3/3 + 2*m**2. Let h be r(8). List the prime factors of h/(-5)*(-25)/(-10).
7
Suppose 365 = -i + 6*i. List the prime factors of i.
73
Suppose 0 = -a + 2*i + 2, 4 = -a - 2*i + 22. Suppose 2*m = m - 4*p - 16, 0 = -5*p - a. List the prime factors of (-52)/(-6) + m/(-24).
3
What are the prime factors of 18 - (-1 + (-3 - 0))?
2, 11
Suppose 4*m + 0*n = -n - 38, 5*m + 54 = 2*n. Suppose -23 = -3*r + 19. Let s = r + m. List the prime factors of s.
2
Suppose -5 = z - 5*z + w, -2*z + 25 = -5*w. Let r = z - -8. What are the prime factors of r?
2
Let h = 127 + 1. What are the prime factors of h?
2
Suppose 3 = 4*g - 5. Suppose 3*f - 2*y + 8 - 48 = 0, g*f - 35 = 3*y. List the prime factors of f.
2, 5
Let g be 8*9/(-12)*-1. Let r(b) = b**3 - 6*b**2 + 3*b - 1. What are the prime factors of r(g)?
17
Let r(p) = -p + 5. Let w be r(6). Let g = 1 + -1. List the prime factors of -3 + w*(g - 11).
2
Suppose -4*z = -k - 10, 3*z = -3*k + 13 + 2. Suppose 0*g - 230 = -5*g - 3*u, -g = z*u - 46. List the prime factors of g.
2, 23
Let h(y) = -2*y + 2. Let f be h(-2). Let l(c) = 446*c + 1 - 447*c + 7. List the prime factors of l(f).
2
Let x(c) = 84*c - 3. List the prime factors of x(1).
3
Let q(z) = -z**3 + 5*z**2 + 6*z. Let l be q(6). Suppose 0 = -4*n - 4 - l. List the prime factors of 3 + 16 + 1/n.
2, 3
Let u(i) = 2*i**2 - 20*i - 15. List the prime factors of u(-8).
3, 7, 13
Suppose -q + 4 = -2. Suppose q*j - 20 = 2*j. Suppose -5 = -j*s + 5, -5*o + 47 = -4*s. List the